
True
Let x be (-40)/24 + (-53)/(-3). Suppose -x*h - 13085 = -2*w - 13*h, 9 = 3*h. Is w composite?
False
Let z(j) = 731*j**2 + 2*j - 8. Let d be z(2). Suppose -7*k + 59541 = -d. Is k composite?
False
Let q(z) = 2411*z - 905. Is q(26) a composite number?
False
Let m(r) = -1599*r**3 - r + 1. Is m(-3) a composite number?
False
Suppose -75 = 11*a - 26*a. Suppose -5766 = -4*b + 5*l - 4*l, -7201 = -a*b - 2*l. Is b a prime number?
False
Let m(n) = -2*n - 2. Let b be m(-3). Suppose 3*d + f = d + 5, b = 2*d + 2*f. Is 3*(d + -4) + 557 composite?
True
Let f(z) = 332*z**2 + 3*z + 43. Let b be f(-6). Suppose -5*r + b = 432. Is r a prime number?
True
Let k = 140600 + 42293. Is k prime?
True
Let l be 1/(4/(-8)*2). Suppose 2*y + 3*m = 3*y - 7, 2*m = -3*y - 23. Is (y/40*-4)/(l/(-530)) composite?
True
Let c be (-1)/(-6)*9*(-548)/2. Let t = 1310 + c. Is t composite?
True
Is ((-233670)/(-25)*5)/3 a prime number?
False
Let d be 1*(-14)/(-77) + 484568/22. Suppose 20*t + d = 26*t. Is t a prime number?
True
Suppose -3377 = -13*j + 18372. Is j prime?
False
Suppose 9*i - 6*i - v + 86 = 0, 7 = -i - 4*v. Let r(f) = -14*f - 24*f + 92 - 22*f - 27*f. Is r(i) a prime number?
True
Suppose -5*v - 3*t + 2398721 = 0, 2398761 = 22*v - 17*v - 2*t. Is v a composite number?
False
Let b = 488 - 441. Suppose 60*j - 10907 = b*j. Is j prime?
True
Is 3 + 11052/6 - (-2)/1 composite?
False
Suppose 2*f - 3*l = 93, -2*f - 3*l = -0*f - 111. Let c = f - 49. Suppose 3*i = -5*z - 658 + 2318, -c*z + 668 = 2*i. Is z a prime number?
False
Is (1488/186)/((-16)/(-504158)) a prime number?
True
Let o(z) = -3*z**2 + z - 4. Let u(a) = -2*a**2 + a - 3. Let k(j) = 5*o(j) - 7*u(j). Let m be k(0). Is m/3 - 3/((-36)/1736) prime?
False
Suppose 2*v = -3*n + 65332 + 16755, -3*n - 41030 = -v. Is v composite?
False
Suppose 5*j - 3 + 8 = 0, -4*c = -4*j + 13500. Let y = c - -10527. Is y composite?
False
Let v(k) = k**3 + 9*k**2 - 11*k - 5. Let w be v(-10). Is (-3 - 3730/(-8))*(w - 1) a composite number?
True
Suppose -6*i - 5545337 = -59*i. Is i a composite number?
True
Let k = 23 + -26. Let f = -9 - k. Is -57*(f/(-9) - 1) a composite number?
False
Let t(p) = -2*p**2 - 7*p + 6. Let m be t(-4). Suppose m*z - 1009 = z - 5*q, 2*q - 4036 = -4*z. Is z a prime number?
True
Suppose 5*n - 2556 = n. Suppose 4*k + 93 - 109 = 0. Is -4 + k + 2 + n composite?
False
Let y(q) = -13*q**3 + 8*q**2 + 7*q + 7. Let w be y(-5). Suppose -1351 = -3*l + t, -4*t + t = 4*l - w. Suppose 0 = 5*k - l - 920. Is k composite?
True
Suppose 103264 = 4*r + 3*y, 25*y - 26*y = 2*r - 51634. Is r a composite number?
False
Suppose -2*g = -3*p - 40661, 3*p = g + p - 20333. Is g a prime number?
True
Let h(k) = 7989*k**2 - 23*k - 79. Is h(-5) composite?
True
Suppose 3 = -3*y, -s = 3*y - 2 + 1. Suppose 0 = s*a + c - 16, -2*a - 6 = -3*c - 0*c. Suppose 1118 - 3509 = -a*z. Is z prime?
True
Let z = -102591 - -394472. Is z prime?
False
Let u = 11 + -10. Let z(o) = -87*o + 58*o + u - o**2 + 7 - 1. Is z(-12) prime?
True
Suppose 5*n + 350 = -5*n. Let v = n - -27. Is (-158)/(8/16*v/14) composite?
True
Let v(x) = x**3 + 4*x**2 + x - 4. Let q be v(-3). Suppose -3*y + q*y = 0, 3*b + 5*y - 3417 = 0. Is b composite?
True
Let l = 9128 + -9116. Suppose -5*h - 10 = -80. Suppose -l*m = -h*m + 118. Is m prime?
True
Let l(k) = -k**2 + 4*k - 3. Let r be l(-11). Suppose 0 = 3*n + 3*f + 987, -7*f + 2*f + 658 = -2*n. Let z = r - n. Is z prime?
False
Suppose -75*w - 36*w + 428303 = -372451. Is w a composite number?
True
Let o be -1981*(-5)/((-35)/(-3)). Let r = o + -238. Is r a prime number?
False
Let s(u) = -14148*u + 59. Is s(-15) a composite number?
True
Let k = 23434 + 315559. Is k a prime number?
True
Suppose 3*v - 76 = 5*v. Let i = -32 - v. Suppose i*k - 2202 = 15912. Is k a prime number?
True
Let v = 928528 - 313335. Is v composite?
True
Let h be (30/5 - 7)*-13903. Let n = h + -8264. Is n a composite number?
False
Suppose 4*d = -5*h + 8, -d = -3*d + 4. Let z be h + 53062/7 + 10/(-35). Suppose 6*n - z = 2*n. Is n prime?
False
Is (-6930)/(-406) + -17 + 191021/29 prime?
False
Suppose 0 = -5*d - v - 882, -2*d + v = -3*d - 178. Let f = 302 + d. Suppose 2*y - 96 = -2*h + f, 335 = 3*y + 2*h. Is y a composite number?
False
Let h = -17 - -27. Suppose 13*k = -t + h*k + 6616, -5 = 5*k. Is t prime?
True
Suppose 0 = 49*f - 29*f + 15300. Let n = -434 - f. Is n composite?
False
Let d(q) = 54129*q**2 - 396*q + 7. Is d(-4) prime?
False
Let d = -86 - -143. Let h = -42 + d. Is (h + 7)*((-99)/(-2) + 1) a prime number?
False
Let s be 295/(-177)*(1 + (2 - 0)). Is ((-57)/76 - s/4)*8222 a composite number?
False
Let o(j) = -691*j**2 + j - 5. Suppose -3*m - 10*m = -65. Let p be o(m). Let z = -8196 - p. Is z a composite number?
True
Suppose 3*j = 3*z - 722802, 0*z - 4*j = 3*z - 722753. Is z a prime number?
False
Is (-6 - -20)/(2/55603) a composite number?
True
Let x = 230 - 227. Is (-65282)/35*(-8 + x) composite?
True
Let q = 3830442 - 2488580. Is q composite?
True
Let s(u) = 245*u**3 + 8*u**2 - 2*u. Let f(r) = 244*r**3 + 9*r**2 - 3*r + 1. Let p(d) = -6*f(d) + 7*s(d). Is p(3) composite?
True
Let w = 2906 + -1411. Let x = w + 4836. Is x prime?
False
Let x(j) = 432*j - 7. Let r(v) = 430*v - 7. Let t(i) = 3*r(i) - 2*x(i). Is t(13) a composite number?
False
Suppose -3*h - 3*x = -462, h - x = 3*h - 312. Let l = 922 + h. Let g = l + -602. Is g a prime number?
False
Let v(q) = 78*q**2 + 300*q + 25. Is v(-17) composite?
False
Let r = 357 - -1459. Suppose 9*m = 8*m + 3. Suppose 4*x - r = -m*l, 0 = 5*x - 0*x + l - 2259. Is x a composite number?
True
Let i(p) = -p**3 + 13*p**2 - 11*p - 7. Let f be i(12). Let v(r) = 5*r**3 - 2*r**2 - 9*r - 9. Is v(f) composite?
False
Let w(g) = g**2 - 6*g + 24. Let d be w(4). Suppose -d = -3*b - b. Suppose -4*l = 4*c - 3612, 5*c + b*l - 2104 = 2415. Is c a composite number?
False
Let h = 11 + -9. Suppose -2*j = -3*j + 4, -h*a + 4430 = 4*j. Let x = -556 + a. Is x a composite number?
True
Let r be 16596/10*220/66. Suppose 5*a - r - 14503 = 0. Is a a prime number?
True
Is -108789*(6 - 400/48) prime?
False
Let i(z) = 581*z**2 + 4*z + 14. Let p be i(5). Suppose -12*w - 16905 = p. Let h = -1099 - w. Is h a prime number?
True
Suppose 5*w + 3*n = 8970, -3*n + 202 + 1604 = w. Let i = w + -1092. Is i prime?
False
Suppose -6*i - 60 + 180 = 0. Suppose -i*n + 11*n = -26343. Is n prime?
True
Suppose -24*s + 30570 + 297006 = 0. Is s prime?
True
Suppose 0 = 20*l - 15895073 - 24605827. Is (-4)/6*(l/6)/(-5) composite?
True
Let o(c) = c**3 - 8*c**2 - 3 + 10 + 3*c + 4*c. Let u be o(7). Suppose u*h = 2*h - 2*g + 1017, 0 = 3*h + 5*g - 614. Is h a composite number?
True
Let y(b) = -b**3 + 8*b**2 + 6*b - 2. Let q be y(8). Suppose -q*t = -45*t - 4836. Suppose z + 5*j - 2446 = -z, 4*z - 4*j - t = 0. Is z prime?
True
Suppose 5*b = -5*r + 8*b - 591, -2*r - 228 = -4*b. Let l = r - -359. Is l a prime number?
True
Suppose 4*r + 6307132 = 4*n, 1618*r - 1617*r = -4*n + 6307122. Is n prime?
True
Suppose 6 + 14 = 5*m. Let l = 326 - m. Suppose -x + l - 216 = 0. Is x a composite number?
True
Let h(u) = 8710*u**2 + 891*u - 6198. Is h(7) prime?
False
Suppose y - 52 = -4*v, 2*v - 6*y = -5*y + 20. Suppose v*c - 4203 = 249. Is c a prime number?
False
Suppose 463*u = 124*u + 17677833. Is u a composite number?
False
Let l be 1 - (12/(-14))/((-21)/(-98)). Is 9189*24/20 + 1/l a composite number?
False
Let v(n) = 2*n**2 + 25*n + 13. Let p(y) = y**3 - 30*y**2 - 29*y - 50. Let k be p(31). Suppose -k = t + 2. Is v(t) a composite number?
True
Let k = 426727 - 245454. Is k composite?
False
Let v be (-40)/(-6)*36/30. Let n(r) = 32*r**3 - 16*r**2 + 56*r + 7. Is n(v) a composite number?
True
Suppose -g - 9840 = -4*l, 3*g - 4846 + 34421 = l. Let r = 17011 + g. Is r a composite number?
False
Let x be 2 + 2 + (-78)/15*-5. Suppose 0 - x = -6*f. Suppose -4*h - 5*c + 3955 = 17, f*h - 4904 = 3*c. Is h a prime number?
False
Suppose 0 = 3*d + 7*p - 3*p - 1, 3*d - 19 = 5*p. Let j(k) = -3*k + 3*k + 42*k**d - 176 + 3*k**2 + 166. Is j(3) a composite number?
False
Let u(c) = 10*c**2 - c - 51. Let b(k) = 2*k. Let g be b(7). Is u(g) a prime number?
False
Let m(v) = 110*v**3 + 14*v**2 + 4*v. Let b(l) = 56*l**3 + 7*l**2 + 2*l. Let z(r) = -9*b(r) + 4*m(r). Is z(-3) prime?
False
Is 64635655/182 + (-13)/(-338) prime?
False
Let o(v) = 62*v - 129*v + 8 